/(-2))?
2, 3, 17
Let j(d) be the first derivative of 7*d**3/3 - 5*d**2/2 + 24*d + 63. What are the prime factors of j(6)?
2, 3, 41
Suppose 4*m + g = 7*m - 32022, -m + 10702 = -5*g. List the prime factors of m.
2, 23, 29
Let l(a) = -39233*a**3 + 15*a**2 + a - 7. What are the prime factors of l(-1)?
2, 3, 5, 109
Let o(z) = 44*z - 1. Suppose 3*v - 3*b - 18 = 2*b, 4*b + 10 = -2*v. Let j be o(v). Suppose -j = -4*s + 65. What are the prime factors of s?
3
Let l(k) = 17*k + 181. Let i(r) = r**3 - 7*r**2 + 14*r - 16. Let x be i(3). What are the prime factors of l(x)?
11
List the prime factors of ((-39 - 292) + 33)*(-1 - (0 + 15)).
2, 149
Let r(f) = -f**3 + 47*f**2 + 99*f - 145. List the prime factors of r(48).
7, 47
Suppose -143 + 735 = 8*n. Let a = -88 + n. List the prime factors of a/(-2) + -3 + -1.
3
Let f = -13301 + 25747. What are the prime factors of f?
2, 7, 127
Suppose 32296 = 5*h - 3*f, 0 = 5*h + 34*f - 30*f - 32317. What are the prime factors of h?
7, 13, 71
Let y = -56 - -63. Let k(r) = 5*r**2 + 28*r - 88. List the prime factors of k(y).
353
Suppose 0*f - f + 4480 = -3750. What are the prime factors of f?
2, 5, 823
Let z be -2 + (-12)/3*-1 - -4. Suppose 3*a = 2*y - z*y + 22, a - 4*y = -14. Suppose -a*g - m = 2*g - 36, -36 = -4*g - 2*m. What are the prime factors of g?
3
Let s be -74*(-4)/(-8)*-1. Let n be (s + -9)*3/6. Suppose -3*v = 2*c - 5*v - n, 0 = 2*c + 2*v + 6. List the prime factors of c.
2
Let p(q) = -q**3 + 23*q**2 - 22*q + 4. Let c be p(22). Suppose c*j = 3*j. Suppose -40 = -j*d - d. List the prime factors of d.
2, 5
Let g be ((-6)/4)/((-48)/160). Suppose -3*v = -q - 1179, -2*v - g*q = -2*q - 797. List the prime factors of v.
2, 197
Let l(r) be the second derivative of 2*r**5/5 - r**4/12 - r**3/2 - 9*r**2/2 - 227*r. What are the prime factors of l(6)?
3, 5, 37
Let b = 15977 + -10135. What are the prime factors of b?
2, 23, 127
Suppose 5*t + 200 = v + 3*t, -4*v - t + 809 = 0. Suppose -2*f + 12 = v. Let p = 144 + f. List the prime factors of p.
7
Let x = -5639 + 8096. Suppose -v + x = 4*t - 4*v, 1221 = 2*t + v. What are the prime factors of t?
2, 3, 17
Let b(w) = 2*w**2 - 21*w - 8. Let g be b(11). Suppose 638 + 400 = g*f. List the prime factors of f.
2, 173
Let u(s) = s**3 - 23*s**2 + 23*s - 22. Let f be u(22). List the prime factors of f + -4 + (6 - -24).
2, 13
Let j = 8 + -5. Let f be (-718)/(-2) + (-9)/j. Suppose f = 4*m - 212. List the prime factors of m.
2, 71
Suppose 12 + 3 = 5*o. Suppose 8 = 2*s + 3*h + 1, 36 = o*s - 4*h. Suppose 510 = s*f + 190. List the prime factors of f.
2, 5
Let m be 1*3*(4 - 2/3). What are the prime factors of ((-774)/15)/((-3)/m)?
2, 43
Suppose -26 = -5*p - 11. Let c(r) = 53*r**2 - 9*r + 40. List the prime factors of c(p).
2, 5, 7
Let m(g) = 59*g + 14*g**2 + 0*g**2 - 61*g + 15*g**2 - 1. Let l be m(-1). Let a = l - 19. What are the prime factors of a?
11
Let p be 11283/(-2)*80/(-60). Suppose -p = -9*k - 448. List the prime factors of k.
2, 3, 131
Suppose -24*j = -25*j + 1284. Suppose -5*w + j = 424. Suppose 4*n + 6*r - 696 = 2*r, -n = -r - w. What are the prime factors of n?
173
Suppose 0*k - w + 4239 = 3*k, 0 = -2*k + 5*w + 2826. List the prime factors of k.
3, 157
Let o = 81 - -293. Let w = -66 + o. List the prime factors of w.
2, 7, 11
Let r(z) = 35*z**3 - 2. Let f be (1 - 5)*(0 - 4/8). List the prime factors of r(f).
2, 139
Suppose 0 = -v - 5*h - 25, 4*h = -3*v - 10 - 10. Suppose v = 2*c - 1381 + 171. List the prime factors of c.
5, 11
Suppose -22*h + 19*h + 191050 = 4*j, 5*j = 3*h - 191095. List the prime factors of h.
2, 3, 5, 11, 193
Let f(t) = 3*t**2 + 144*t + 1301. What are the prime factors of f(-103)?
2, 2287
Let b(r) = 31*r + 109. Let h be b(-36). Let c = h - -1585. What are the prime factors of c?
2, 17
Let s(g) = 49*g - 21. Let v be (-6)/(-9)*-1*(-27)/6. What are the prime factors of s(v)?
2, 3, 7
Let f be ((-2)/7)/((-12)/252). Suppose 7490 = f*d + d. What are the prime factors of d?
2, 5, 107
Let j be (-6)/10 + -4*2219/140. Let z be (-60)/25*(-2 - j/12). List the prime factors of (-498)/(-5)*((-36)/z + -2).
3, 83
Let o(z) = z**2 + 4*z - 8. Let m be o(-6). Let t(x) = -24 + x**2 + m*x**2 + 2*x**2 + x + 35. What are the prime factors of t(-5)?
181
Suppose 5*i = -4*j + 78885, 0*i - j - 78885 = -5*i. List the prime factors of i.
3, 1753
Suppose 642*a + 127138 = 664*a. What are the prime factors of a?
5779
Suppose -4*d + 73 = c, 4*c - 217 = -d - 0*d. Suppose 56*w - c*w = 375. What are the prime factors of w?
5
Let c(j) = -j**3 - 4*j**2 + j + 5. Let f = -10 - -8. Let m be c(f). List the prime factors of 1904/70 - 4/m.
2, 7
Suppose -2047 = -5*s - w, 51*w + 1646 = 4*s + 49*w. Suppose 4*i - 1020 = -0*i. Let j = s - i. What are the prime factors of j?
5, 31
Let z(i) = -2*i**3 - 4*i**2 + 7*i - 21. Suppose 65*s = 74*s + 63. List the prime factors of z(s).
2, 3, 5, 7
Let i = -711 - -1121. Suppose 2288 + i = 2*s. What are the prime factors of s?
19, 71
Suppose 2584145 = 304*i - 412991. List the prime factors of i.
9859
List the prime factors of 5982 - 20/2 - 1.
7, 853
Let v(w) be the first derivative of -w**3/3 - 43*w**2/2 - 8*w - 78. What are the prime factors of v(-20)?
2, 113
Let m be (-2)/6 + (-13)/(-3). Let f(v) = 15*v**2 + 19*v + 84. Let d be f(-7). Suppose 5*x = 2*o + d, -2*o - 177 = -m*x + 373. What are the prime factors of x?
2, 17
Let u = 18563 + -6239. List the prime factors of u.
2, 3, 13, 79
Suppose -4*k - 12737 = -3*b + 2363, 2*k - 10048 = -2*b. What are the prime factors of b?
2, 3, 419
Suppose 93279 = 12*o + 8*o + 4539. List the prime factors of o.
3, 17, 29
Suppose 11*r - 25977 - 377822 = 0. What are the prime factors of r?
36709
Suppose -102679 = -49*v + 86412. List the prime factors of v.
17, 227
Let j = -392 + 20. Let w = -60 - j. List the prime factors of w.
2, 3, 13
Let i be (-2 + 2)/(1 - 0). Suppose -5*d - 23*c = -19*c - 490, -c - 98 = -d. Suppose i = -5*j + d - 8. What are the prime factors of j?
2, 3
Let n be (4/3 - 0)*(-12)/(-16). What are the prime factors of 3 + -3 + 351/n?
3, 13
Let f(w) = -w**2 + 11*w + 16. Suppose 7*u - 37 - 47 = 0. Let k be f(u). Suppose 22 = -k*v + 442. List the prime factors of v.
3, 5, 7
Let n = -87 + 138. Let l = 65 - n. List the prime factors of 1352/l + (-4)/7.
2, 3
Let z be 273/30 - 7/70. Let f(k) = 5*k**2 - 9*k - 18. What are the prime factors of f(z)?
2, 3, 17
Suppose -27*h = 19*h - 613891 - 374235. List the prime factors of h.
21481
Let g(r) = 8*r**2 - 11*r - 50. Let m be -10 + 0 + (0 - -4). What are the prime factors of g(m)?
2, 19
Let n = -26 - -30. Suppose -m - n*v = -2*v, 5*m = 2*v + 12. Suppose -5*h = -3*q - 507, -h - m*q = 2 - 93. List the prime factors of h.
3, 11
Let n be (-2)/(-3) - 56/294*14. List the prime factors of ((-11940)/18)/((-16)/6 - n).
5, 199
Suppose -18*b + 23*b - 3*u = 44084, 17638 = 2*b + u. What are the prime factors of b?
2, 4409
List the prime factors of (-798324)/(-68) - (-1)/(-17).
2, 5, 587
What are the prime factors of ((-16294)/(-8))/(25/36 - (-8)/(-12))?
3, 8147
Suppose -4*f + 23 = -25. What are the prime factors of 21814/39 - (f/9 + -2)?
2, 5, 7
Let d(f) = 25*f**2 + 53*f - 858. What are the prime factors of d(22)?
2, 3, 11, 47
Let b be (-4)/10 + -2 + (-124)/(-10). Let r(x) = x**3 - 9*x**2 - 11*x + 12. Let l be r(b). Suppose q = 5, -4*k + 220 = -2*k + l*q. List the prime factors of k.
3, 5, 7
List the prime factors of (-12)/((-108)/(-9)) - 101*-33.
2, 7, 17
Let m = 2 + 3. Let a(l) = 136*l - 404. Let z be a(3). Suppose -5*f = -s - 2*s + 352, m*f + 466 = z*s. What are the prime factors of s?
2, 3, 19
Let p = 95 + 30. Let h = 153 + p. List the prime factors of h.
2, 139
Let x(z) be the first derivative of 3*z**3 + 6*z + 10*z**2 + 19*z**2 - 26*z**2 - 11. List the prime factors of x(-3).
3, 23
Suppose 726*v = 733*v + 6230. What are the prime factors of 9 - (v + (-2 - -5))?
2, 7
Let v(q) = q**3 + q**2 + q + 1122. Let l be v(0). Suppose 3*c - 1417 = -2*f, -4*c + l + 766 = 2*f. What are the prime factors of c?
3, 157
Let g(t) = t**2 + 5*t + 20. Let d be g(-3). Suppose q - c - 11 = -0*q, 2 = -2*c. Suppose 200 = d*j - q*j. What are the prime factors of j?
2, 5
Suppose 0*l - l + 86776 = 30813. What are the prime factors of l?
191, 293
Let g(m) = 24*m - 16. Suppose -4*h + 40 = -4*y, 5*y - 2 = 2*h - 37. Let t be g(h). Su